9?
127
Suppose -11 = 4*u - 31. Suppose u*j + 4*c - 39 = 2*j, 0 = 3*c. Calculate the remainder when 83 is divided by j.
5
Let n be (-3)/(-2)*(-28)/6 + 2150. Let v = n - 2098. Calculate the remainder when v is divided by 2*(-1)/(-2) + 15.
13
What is the remainder when 39 is divided by 21 + (-1)/2 + (-143)/22?
11
Let y be (-1735)/(-5) - (-12)/(-3). Suppose -f = -4*h - 72, 4*f - 3*h - y = -f. Calculate the remainder when f is divided by 2 + (-2)/(-3) + 98/6.
11
Suppose 0 = 778*c - 80311 - 41057. Suppose 3*p + 88 = 5*p + 4*y, 2*p - 5*y = 88. Calculate the remainder when c is divided by p.
24
Let z be (8 - (7 + -2) - -5) + -5. Suppose z*a + 220 = 289. What is the remainder when 66 is divided by a?
20
Let s(g) = 49*g - 5 + 5*g**2 + 50*g - 5*g**3 - g**2 - 105*g. What is the remainder when s(-4) is divided by 27?
25
Let d = 1189 + -1157. Let o(f) = 3*f**2 - f - 1. Let h be o(-1). Suppose h*v - 108 = -5*q, -3*q - d = 5*v - 212. What is the remainder when 70 is divided by v?
34
Let t = 717 + -699. Suppose 23*g + f = t*g + 240, 4*f - 114 = -2*g. Let d = -14 + 21. What is the remainder when g is divided by d?
5
Let i(a) = 0*a**2 + a**2 - 123*a - 18 + 129*a. Let w be 30/3 - (-1 + 0 + 1). What is the remainder when i(w) is divided by 29?
26
Let k be 25/(-4)*(-18 + 6). Let w = 112 - k. What is the remainder when 108 is divided by w?
34
Suppose -607 - 603 = -55*z. Let f(x) = 6*x + 27. What is the remainder when f(12) is divided by z?
11
Let z(h) = 46*h + 1480. Calculate the remainder when z(-18) is divided by 213.
13
Let w(p) = -143*p + 2653. Calculate the remainder when 787 is divided by w(18).
76
Let r(x) = 10*x + 54. Let l be r(-5). Suppose -4*m - 51 = -3*s, 48 = l*s - s - 3*m. What is the remainder when 33 is divided by s?
7
Let b = -66 + 71. Calculate the remainder when 177 is divided by b.
2
Let t(l) = 17*l + 258. Calculate the remainder when 442 is divided by t(-6).
130
Let i(k) = k**3 - 23*k**2 - 6*k + 17. Let d be i(25). Suppose 6*b - d - 269 = 0. Calculate the remainder when b is divided by 39.
36
Suppose -2*p + 137 = -5*m, 3*p + 0*p + m - 197 = 0. Suppose -1250*y - 1257*y = -2494*y - 4238. Calculate the remainder when y is divided by p.
62
Suppose 2*g - 84 = -g. What is the remainder when 85 + -77 + (99 - -2) is divided by g?
25
Calculate the remainder when 1841 is divided by 7124/(-411)*6/(-4).
21
Let j be -1 + 2 - (-3 + 0). Suppose 6*u - 5 = -5*z + 4*u, 0 = -4*z + j*u + 4. What is the remainder when (-176 - -152) + 4 + 23 is divided by z?
0
Let w = 25395 + -24480. Calculate the remainder when w is divided by 93.
78
Let p be 2 + -4*(-4)/8. Let j(a) = 2*a**3 + 24*a**2 + 15. Calculate the remainder when 88*1 - 2*2/p is divided by j(-12).
12
Let l(s) = -s**2 - 186*s - 8192. What is the remainder when 586 is divided by l(-106)?
10
Let h = -72 + 103. Suppose 5*g = -l + 593, 257*g - 545 = 252*g - 5*l. What is the remainder when g is divided by h?
28
Let l = 28 + -87. Let v be 1748/(-228) - (-7)/(-3). Let n = v - l. What is the remainder when n is divided by 19?
11
Suppose -5*l - 41 = -3*w + 7*w, 0 = -5*w + 4*l. Let b(t) = 3*t**2 + t - 12. What is the remainder when b(w) is divided by 19?
13
Let g = 37 + -30. Let n = g - 4. Suppose n*d + 57 = 2*f - 0*f, 5*f + 4*d = 177. Calculate the remainder when 130 is divided by f.
31
Let u(v) be the first derivative of -v**4/4 - 14*v**3/3 - 39*v**2/2 - 7*v - 182. Calculate the remainder when 292 is divided by u(-11).
56
Let w(q) = -q**2 + q + 82. Suppose -2*z = -4*i - 2 + 12, -4 = 4*z - 4*i. Suppose 20 = 5*p, -s - z + 44 = 3*p. Calculate the remainder when w(0) is divided by s.
24
Suppose -g = -0*g - p - 1298, -5*g = -3*p - 6492. Calculate the remainder when g is divided by 164.
151
Suppose -f = -3, -263*x = -259*x - 3*f - 71. Calculate the remainder when 3197 is divided by x.
17
Let y(w) = -2*w**3 - 182*w**2 - 189*w + 139. What is the remainder when y(-90) is divided by 54?
31
Let p(w) = -w**3 - 56*w**2 - 158*w + 149. What is the remainder when 445 is divided by p(-53)?
61
Let n = 96 - 62. Let s = -205 - -265. Suppose -66*g = -s*g - 762. Calculate the remainder when g is divided by n.
25
Let a(z) = z**3 + 6*z**2 - 5*z + 24. Suppose 0 = -4*b, -11*l - 4*b - 7 = -10*l. Calculate the remainder when 29 is divided by a(l).
9
Suppose -2*b + 9 = 19. Let m(c) = -c**3 - 5*c**2 - 4*c + 3. Calculate the remainder when 6*1/6 + (-1 - b) is divided by m(-4).
2
Suppose 84 = 23*l - 16*l. Let r be (-2)/(-8) + (-2374)/(-8). Calculate the remainder when 49 is divided by r/l - 1/(-4).
24
Let f(m) = -1. Let o(q) = -q. Let s(d) = f(d) - 2*o(d). Let c be s(8). Suppose 4 - 46 = -3*t - 2*u, 5*u = c. What is the remainder when 26 is divided by t?
2
Let w(y) = y**2 + 4*y + 55. What is the remainder when w(-3) is divided by 9?
7
Let c(z) = z**2 + 12*z - 141. Calculate the remainder when 543 is divided by c(-22).
69
Let q(m) = 3 - m + 7 - 6 - 4*m. Suppose -4*r = -2*o - 14, -3*r + r - 2*o + 16 = 0. What is the remainder when q(-3) is divided by r?
4
Suppose 0 = -23*t + 65*t - 2176 - 2360. Calculate the remainder when 536 is divided by t.
104
Calculate the remainder when ((-50)/16)/((-186)/37200) is divided by 127.
117
Suppose 405 = 4*z + 3*i - 1557, 5*z = -5*i + 2450. Calculate the remainder when 2481 is divided by z.
21
Suppose -67*n + 16902 + 14302 - 2796 = 0. What is the remainder when n is divided by 3?
1
Let k be 2228/14 - (13 + 194/(-14)). Suppose 13*i - k = 9*i. What is the remainder when 2*1/2 - -116 is divided by i?
37
Suppose w + 318*b - 314*b = -61, 3*w = -b + 15. Let x(z) = z + 86. What is the remainder when x(0) is divided by w?
9
Suppose 23*w - 859 + 755 = 1736. What is the remainder when 675 is divided by w?
35
Let v(n) = 3*n**2 - 17*n + 5. Let x be 4/10 + 231/35. Let c be v(x). Let a = -7 + c. Calculate the remainder when 127 is divided by a.
23
Let w(b) = b**3 + 8*b + 8*b**2 - 14 + 2 + 6*b**2 + 2*b**2. What is the remainder when w(-11) is divided by 39?
37
Suppose -5*c + 15 = 0, 0 = 2*u + u + 3*c - 27. Suppose 29 = u*h - 13. What is the remainder when h is divided by 4?
3
Suppose -16*j - 23*j - 1180 = -59*j. Calculate the remainder when 219 is divided by j.
42
Let t(u) = -u**3 - 2*u**2 + 3*u + 4. Let v be (6/4)/(1/174*3). Suppose 5*q = 4*s + 77, 5*q + 2*s - v = s. What is the remainder when q is divided by t(-3)?
1
Let k(a) = -49*a**2 + 396*a + 77. Calculate the remainder when 461 is divided by k(8).
25
Let u = -55 + 59. Calculate the remainder when ((-20)/30)/(1*u/(-234)) is divided by 18 + -2 - (2 + 0).
11
Let h = -37 - -65. Suppose -2*m + 15*m = 1781. What is the remainder when m is divided by h?
25
Let y = 545 - 519. Suppose -225 = y*o - 35*o. What is the remainder when 104 is divided by o?
4
Let o be (-8)/(-12) - (-2)/(-3). Suppose o = r - 5*j - 5 + 2, -4*r + 3*j + 46 = 0. What is the remainder when (0 - 2)/(-2*3/150) is divided by r?
11
Let b = 32 + -12. Let c(t) = -433 + 47 + 0*t - 65 + 6*t + 4*t. What is the remainder when c(49) is divided by b?
19
Suppose 632 = 4*u - 184. Suppose 0 = 10*x - u - 196. Calculate the remainder when x is divided by 15.
10
Suppose 5*w - 447 = a - 369, w = 5*a + 6. Calculate the remainder when 1625 is divided by w.
9
Let w(n) = -n**3 - 8*n**2 + 179*n - 148. What is the remainder when w(-23) is divided by 54?
52
Let t(q) = -21*q**3 - 273*q**2 - 9*q - 35. What is the remainder when 83 is divided by t(-13)?
1
Calculate the remainder when 502 is divided by (-13 - (-518)/42)*-63.
40
Let b(l) = -5*l + 6 - 10*l**2 + 1 + 6*l**2 + l. Let m be b(-5). Let k = 179 + m. Calculate the remainder when k is divided by 27.
25
Let p = -17 + 32. Let j = -36039 + 36128. What is the remainder when j is divided by p?
14
Let m = -303 - -539. Suppose -4247 - 6313 = -220*n. What is the remainder when m is divided by n?
44
Suppose 2*q + 9 = q + z, -3 = -2*q - 5*z. Let p be (-4)/q - (-244)/(-6). Let l = p - -74. Calculate the remainder when l is divided by 10.
4
Suppose 12*t = 16*t - 16. Suppose 2*u = -t*d + 90, 47 = -6*u + 7*u + 4*d. Calculate the remainder when u is divided by 36.
7
Let v = 47 - 11. Let h = v + -31. Let r(i) = 12*i - 36. What is the remainder when r(h) is divided by 13?
11
Let c(j) = -3*j**3 + 32*j**2 + 29*j - 93. What is the remainder when c(11) is divided by 57?
48
Suppose l - 2*l - 31 = 0. Let s